 91755?
5
What is the highest common divisor of 144144 and 3102?
66
What is the highest common factor of 207244 and 10244?
788
What is the greatest common factor of 55 and 9757?
11
Calculate the highest common divisor of 1800 and 344.
8
What is the highest common factor of 881370 and 225?
45
Calculate the highest common divisor of 35 and 1501920.
35
Calculate the highest common factor of 25 and 86225.
25
Calculate the highest common factor of 484 and 54329.
121
Calculate the greatest common factor of 10425 and 100.
25
What is the greatest common factor of 19558 and 2156?
154
Calculate the greatest common divisor of 111107 and 137.
137
What is the highest common factor of 294 and 10339?
49
Calculate the greatest common factor of 9400 and 38600.
200
What is the greatest common divisor of 14 and 123053?
7
Calculate the highest common divisor of 7612 and 6369.
11
What is the highest common factor of 32782 and 2590?
74
What is the greatest common divisor of 11886 and 336?
42
Calculate the greatest common factor of 181 and 83803.
181
What is the highest common factor of 351 and 1324557?
117
What is the greatest common divisor of 45241 and 1403?
23
Calculate the highest common divisor of 8362 and 518.
74
Calculate the greatest common divisor of 576 and 46296.
72
Calculate the greatest common factor of 13 and 23049.
13
Calculate the greatest common factor of 54 and 20976948.
54
What is the highest common factor of 170019 and 81?
81
Calculate the greatest common factor of 346 and 1691594.
346
What is the greatest common divisor of 3710 and 8470?
70
What is the highest common factor of 1863 and 25?
1
Calculate the greatest common divisor of 322 and 1050.
14
Calculate the greatest common divisor of 14854 and 1022.
14
Calculate the greatest common divisor of 13905 and 99.
9
Calculate the highest common divisor of 1925 and 2625.
175
Calculate the highest common factor of 28 and 73724.
28
Calculate the greatest common divisor of 28116 and 54.
18
What is the greatest common divisor of 704 and 295328?
352
What is the greatest common divisor of 68 and 16272?
4
Calculate the greatest common divisor of 400 and 371075.
25
Calculate the greatest common divisor of 37978 and 7106.
34
Calculate the highest common factor of 2435 and 1395.
5
What is the highest common factor of 1666 and 3605?
7
Calculate the highest common divisor of 17329 and 533.
13
Calculate the greatest common factor of 309 and 29252.
103
Calculate the highest common divisor of 3243 and 7107.
69
Calculate the greatest common factor of 1975534 and 88.
22
What is the greatest common divisor of 1881 and 10791?
99
What is the highest common factor of 342 and 40299?
57
Calculate the greatest common divisor of 606 and 88678.
202
What is the highest common factor of 6695 and 1235?
65
What is the highest common factor of 113864 and 56?
8
What is the highest common divisor of 304 and 6680?
8
What is the greatest common factor of 348979 and 23?
23
What is the greatest common divisor of 103103 and 55?
11
Calculate the greatest common divisor of 11 and 114697.
11
Calculate the highest common divisor of 148 and 136012.
148
Calculate the highest common divisor of 10755 and 120.
15
What is the greatest common divisor of 2416 and 3926?
302
Calculate the greatest common factor of 583 and 35033.
53
Calculate the greatest common divisor of 7146 and 298544.
794
What is the highest common factor of 8386 and 1498?
14
What is the highest common divisor of 1359 and 2869?
151
Calculate the highest common factor of 108 and 83403.
27
Calculate the highest common factor of 867 and 11679.
51
What is the greatest common divisor of 1444 and 12008?
76
Calculate the highest common divisor of 5341 and 344113.
763
What is the greatest common factor of 1555 and 150?
5
Calculate the highest common factor of 142 and 2828498.
142
What is the greatest common factor of 224 and 26803?
7
What is the greatest common factor of 61 and 439993?
61
Calculate the greatest common factor of 12330 and 90.
90
Calculate the greatest common factor of 132 and 10824.
132
Calculate the greatest common divisor of 12525 and 23025.
75
Calculate the highest common factor of 42 and 29778.
42
What is the highest common factor of 55607 and 34?
17
Calculate the highest common divisor of 179006 and 703.
37
What is the greatest common divisor of 4 and 38501?
1
What is the greatest common divisor of 68610 and 30?
30
What is the highest common divisor of 1612 and 81003?
403
Calculate the greatest common factor of 36 and 6924.
12
What is the greatest common factor of 1640 and 13540?
20
What is the highest common factor of 124 and 53692?
124
Calculate the highest common factor of 613008 and 1287.
99
What is the highest common factor of 18361 and 9632?
301
Calculate the highest common factor of 567 and 10449.
81
Calculate the highest common factor of 128 and 53992.
8
What is the greatest common divisor of 2726 and 928?
58
Calculate the highest common divisor of 3206 and 56.
14
What is the greatest common divisor of 470 and 140718?
94
What is the greatest common divisor of 107861 and 39?
13
What is the highest common divisor of 9515 and 165?
55
Calculate the greatest common factor of 264532 and 984.
164
What is the highest common divisor of 120 and 107130?
30
Calculate the highest common factor of 301100 and 140.
20
What is the highest common divisor of 768414 and 498?
498
Calculate the highest common factor of 5866992 and 324.
324
What is the greatest common factor of 130 and 77410?
10
Calculate the highest common divisor of 2173 and 623333.
53
Calculate the highest common factor of 149 and 1302409.
149
Calculate the greatest common divisor of 19 and 559721.
19
Calculate the highest common factor of 122452 and 184.
92
Calculate the greatest common divisor of 178707 and 4473.
213
What is the highest common factor of 13593688 and 79?
79
Calculate the highest common divisor of 724491 and 432.
27
Calculate the greatest common divisor of 161462 and 76.
38
What is the greatest common factor of 3121860 and 420?
420
Calculate the highest common factor of 6438 and 888.
222
Calculate the greatest common divisor of 290 and 28768.
58
Calculate the highest common factor of 102 and 2028.
6
Calculate the greatest common divisor of 855756 and 7524.
396
What is the highest common divisor of 683 and 7260973?
683
What is the greatest common divisor of 41 and 5854349?
41
Calculate the highest common factor of 272552 and 744.
248
Calculate the highest common factor of 224 and 50944.
32
Calculate the highest common factor of 1737 and 256497.
579
What is the highest common factor of 58 and 145493?
29
Calculate the highest common factor of 18034 and 635.
127
Calculate the greatest common factor of 221 and 5678.
17
Calculate the highest common factor of 4180 and 905.
5
What is the greatest common factor of 239505 and 2415?
105
Calculate the greatest common divisor of 292747 and 2093.
91
Calculate the highest common divisor of 1023 and 1431177.
1023
Calculate the greatest common factor of 1725 and 120.
15
What is the greatest common divisor of 32864 and 260?
52
What is the greatest common factor of 113112 and 152?
8
What is the greatest common divisor of 24712 and 36?
4
Calculate the highest common divisor of 21 and 60487.
7
What is the greatest common factor of 7582 and 5338?
34
Calculate the highest common divisor of 3485 and 7123.
17
What is the greatest common factor of 79675 and 25?
25
What is the highest common divisor of 95 and 6982880?
95
What is the greatest common divisor of 246 and 68142?
246
What is the greatest common divisor of 178856 and 16?
8
Calculate the highest common factor of 15722 and 42.
14
Calculate the greatest common divisor of 133 and 72751.
133
What is the highest common factor of 46059 and 156?
39
What is the greatest common factor of 2189 and 1573?
11
What is the greatest common divisor of 335 and 1145?
5
Calculate the greatest common factor of 252112 and 42.
14
Calculate the greatest common factor of 186290 and 3250.
130
Calculate the greatest common divisor of 366 and 6622587.
183
Calculate the greatest common divisor of 220 and 15420.
20
Calculate the highest common factor of 942553 and 103.
103
What is the greatest common divisor of 93148 and 876?
292
What i